 divided by l.
103
Suppose 32*a = 15*a + 1411. What is the remainder when a is divided by 120/9 + 4/6?
13
What is the remainder when 177 is divided by 662/12 - (-21)/(-126)?
12
Let q = 34 + -14. Calculate the remainder when 35 is divided by q.
15
Suppose -4485 = -58*q - 889. What is the remainder when 370 is divided by q?
60
Calculate the remainder when 5 is divided by -2 - (-5)/(-15)*-9.
0
Let u(d) = 6*d + 3. Let w(y) = -4*y**3 + 2*y**2 + 2*y + 1. Let f be w(-1). Let l be u(f). Let p = -21 + l. What is the remainder when p is divided by 7?
5
What is the remainder when (0 - 13)*(-3 - 8) is divided by 8?
7
What is the remainder when 517 is divided by (-442)/(-13) + -2 + 8?
37
Let n = 21 - 25. Let k be n/(-8)*92 + -1. Suppose -u = s - 18, 2*s - k - 7 = -3*u. What is the remainder when 44 is divided by u?
12
Let g(i) = i**3 + 2*i**2 - 17*i - 1. Let k be g(-5). What is the remainder when (-84)/k*24/(-8) is divided by 6?
4
Suppose l + 148 = 5*l. Let c = -2 - -2. Suppose 4*z + 5*b - 67 = 0, 3*b + c*b = -4*z + 61. Calculate the remainder when l is divided by z.
11
Let q = 37 + -26. Let l(c) = -9*c. Let u be l(-1). Let f = u + q. Calculate the remainder when 59 is divided by f.
19
What is the remainder when 1173 is divided by (100/15 - 9)/((-4)/12)?
4
Let o(n) = n**3 + 17*n**2 - n - 15. Let c be o(-17). Let k = 12 - c. Calculate the remainder when 28 is divided by k.
8
Let y = -10 - -23. What is the remainder when 63 is divided by y?
11
Suppose -4*s = 13*s - 799. What is the remainder when 239 is divided by s?
4
Suppose -2 = -2*y + 4, -4*h - y + 323 = 0. Suppose 4 = o - 3*o. Let c(z) = -3*z**3 - 2*z - 1. Calculate the remainder when h is divided by c(o).
26
Let y = 317 - 267. What is the remainder when y is divided by 19?
12
Let l(x) = x**3 + 59*x**2 - 125*x + 16. What is the remainder when l(-61) is divided by 40?
39
Let w(u) = u**3 - 19*u**2 - 39*u - 50. Calculate the remainder when 142 is divided by w(21).
12
Let f = 752 + -536. Calculate the remainder when f is divided by 44.
40
Let j = -84 - -174. Let f = -74 + j. Calculate the remainder when f is divided by 10.
6
Suppose -2*x = 4*i - 6, 2*i - 5*x + 18 = 3. Suppose i = -j - 3*o + 13, -4*j + 78 = 3*o - 4*o. Calculate the remainder when 66 is divided by j.
9
Suppose 3*n = -c + 33, 2*c + 5*n + 17 = 3*c. Let k = 9 + -17. Let a(g) = -g**2 - 8*g + 7. What is the remainder when c is divided by a(k)?
6
Suppose -k + 4*s - 31 = -208, -5*k = -s - 942. What is the remainder when k is divided by 100?
89
Let b(y) = -y**3 + 4*y**2 + 2*y - 3. Let o be b(2). Let c = 25 - o. Calculate the remainder when 7*10*(1 - 3/5) is divided by c.
12
What is the remainder when 1098 is divided by 2/16 + (-12285)/(-280)?
42
Suppose 5*t - 30 = -2*p, t - 4*t = 4*p - 4. Suppose -3*x + t = -x. Calculate the remainder when 17 is divided by x.
1
Suppose 0 = -4*c + 181 + 463. Suppose 0 = 6*t - 236 - 94. Calculate the remainder when c is divided by t.
51
Let x be 17 + (-9)/((-9)/(-4)). Let g(b) = 4*b - 22. Let z(i) = -8*i**3 - i**2 - i. Calculate the remainder when g(x) is divided by z(-1).
6
Let a = 30 + -45. Let t = a - -45. Calculate the remainder when t is divided by 16.
14
Let f(s) = -s + 4. Suppose 0 = -0*n - 21*n + 609. Calculate the remainder when n is divided by f(-2).
5
Let u(s) = s**2 + 11*s - 4 - 4*s**2 + 0 + 2*s**2. What is the remainder when u(10) is divided by 2/(-2)*(-2)/1?
0
Suppose 13*i = 1 + 12. Let d = 10 - 9. Calculate the remainder when d is divided by i.
0
Suppose -5*r + 462 = r. Suppose 19*s - r = 12*s. What is the remainder when s is divided by 7?
4
Let n(b) = 6*b**2 + 5*b + 3*b - 6*b. Calculate the remainder when 13 is divided by n(1).
5
Let u be (1 + -10)*(20 - 5). Let m = 153 + u. Calculate the remainder when 89 is divided by m.
17
Let c(q) = -q**2 + 3*q + 2. What is the remainder when ((-8)/6)/(-3*(-4)/(-36)) is divided by c(2)?
0
Suppose -49 + 174 = 5*c - 4*i, 2*c - 2*i = 52. Calculate the remainder when 162 is divided by c.
15
Let d(b) = 7*b - 8. Let r be d(2). What is the remainder when 279/r + 4/8 is divided by 4/(-14) - (-172)/14?
11
Let a be 3*(0 - (-2)/(-6)). Let d be (0/2)/(a/(-1)). Suppose d*n = 2*n + 5*y - 40, 5*n + y = 77. Calculate the remainder when 44 is divided by n.
14
Let u be (-2)/4*(16 + -8). Calculate the remainder when -2*(42/(-4) - u) is divided by 5.
3
Let v(o) = 3 + 0*o**2 + 9*o**2 - 8*o - 10*o**2. Let x be v(-8). Suppose 5*d + 83 = x*c, -d + 6*d = -5*c + 165. What is the remainder when c is divided by 16?
15
Let n = -10 + 12. Suppose -2*b = -3*j - 671, -n*b + 391 = 2*j - 255. Suppose -h = -5*h + b. What is the remainder when h is divided by 21?
19
Let f(l) = 20*l - 337. What is the remainder when f(27) is divided by 51?
50
What is the remainder when ((-1899)/(-36))/((-7)/(-28)) is divided by 11?
2
Suppose -3*l = z - 6*z + 175, 129 = 3*z + 3*l. Let s = 381 - 235. What is the remainder when s is divided by z?
32
Let u = 14 - 8. Let y(o) = -o**3 + 7*o**2 - 5*o + 4. Let v(l) = l**3 + 8*l**2 + 9*l + 11. What is the remainder when v(-6) is divided by y(u)?
9
Let w(j) = j**2 + 15*j + 3. Let z be w(-15). Suppose -z*v + 11 + 91 = 0. What is the remainder when 101 is divided by v?
33
Let d = 51 + -52. Calculate the remainder when 89 is divided by (d/(-2))/(4/(-432)*-3).
17
Let k = -1326 - -1421. What is the remainder when k is divided by 54?
41
Let w be (3 - 4) + 17 + -1. Calculate the remainder when 32 is divided by ((-36)/(-5))/(((-18)/w)/(-3)).
14
Let o(g) be the third derivative of g**4/24 + 17*g**3/6 + 14*g**2. Calculate the remainder when 9 is divided by o(-9).
1
Suppose v - 10 = 5*a + 6*v, 3*a + 2*v = -8. What is the remainder when 57 is divided by 6/((-18)/(-57)) + a?
12
Let d(i) = 3*i + 18. What is the remainder when d(15) is divided by 11?
8
Let k(o) = -22*o**3 + 3*o**2 - 2*o + 2. Calculate the remainder when k(-2) is divided by 45.
14
Suppose 9 = f + 3. Calculate the remainder when 389 is divided by f.
5
Suppose -3*b + 34 = -t, 60 - 4 = 5*b - 2*t. Let o = b - 7. Let n(d) = -d**3 - 14*d**2 - 11*d + 42. What is the remainder when n(-13) is divided by o?
1
Let f = 119 + -110. Calculate the remainder when 85 is divided by (f/(-3) - -18)*2.
25
Let o be (-36)/5*(5 + 0). Let s = o - -38. Suppose s*x = 20 + 6. What is the remainder when x is divided by 8?
5
Suppose -2*r - 6 = 3*a, 4*a = -r + 3*r - 22. Suppose 20 = 4*k - 0. Suppose -3*i + 6 = 0, -k*w = 2*i - i - 7. Calculate the remainder when r is divided by w.
0
Let w = -57 + 80. Suppose -3*d + 32 = 4*x, 4*x - 2*d - 2 = 10. What is the remainder when w is divided by x?
3
Suppose -5*w = -4 - 6. Suppose w*z = -3*z. Suppose z*q + 152 = 4*q. Calculate the remainder when q is divided by 10.
8
Suppose 0 = 2*v - 2*a - 22, -32*v + 37*v = 4*a + 59. Calculate the remainder when 974 is divided by v.
14
Let q(j) = -j**3 - 12*j**2 + j + 14. Let n be q(-12). Suppose 3*x - 25 = -2*a - 3, -n*x = -3*a + 7. What is the remainder when 7 is divided by a?
2
Suppose -39*d = -33*d - 288. What is the remainder when 286 is divided by d?
46
Suppose 4*l + 3*d = 12, -l - 2 + 5 = 3*d. Suppose 0*v - l*v = -18. Let x(i) = i + 6. Calculate the remainder when 33 is divided by x(v).
9
Suppose -551*f = -544*f - 658. What is the remainder when 342 is divided by f?
60
Suppose -26*h + 28*h = 2. What is the remainder when 19 is divided by h*(-3)/(-3) + 7?
3
Let h(o) = -26*o - 3 + 19 + 2*o**2 - 5 + 32. Calculate the remainder when h(18) is divided by 45.
43
Suppose -5*b = 2*c - 62, -2*b + 2 = -3*b - 4*c. Let w = b + 4. Suppose 102*o - 105*o = -105. Calculate the remainder when o is divided by w.
17
Suppose 0 = -4*v - 3*k + 640, -5*k = -2*v - 150 + 444. Let i = v + -119. What is the remainder when 111 is divided by i?
35
Let o = -740 + 773. What is the remainder when 427 is divided by o?
31
Suppose 0*c - 480 = -6*h - c, -3*c = 0. What is the remainder when h is divided by 44/3*9/6?
14
Suppose -5*h - w + 49 = 0, 2*w = 5*h - 3*w - 55. Suppose h*m = 7*m - 66. Calculate the remainder when 2*(2 - m/4) is divided by 6.
3
What is the remainder when (15/((-135)/(-12)))/(4/57) is divided by 5?
4
Suppose -4*o = -2*h + 324, 3*h - 3*o = -h + 643. What is the remainder when h is divided by 42?
34
Let u(c) = -10*c - 498. Calculate the remainder when u(-62) is divided by 36.
14
Let s = -42